{"id":12,"date":"2022-11-08T12:21:34","date_gmt":"2022-11-08T11:21:34","guid":{"rendered":"http:\/\/gprenovation.fr\/?page_id=12"},"modified":"2023-03-30T19:46:55","modified_gmt":"2023-03-30T17:46:55","slug":"qui-sommes-nous","status":"publish","type":"page","link":"https:\/\/gprenovation.fr\/?page_id=12","title":{"rendered":"Qui sommes- nous ?"},"content":{"rendered":"\n<p>C&#8217;est l&#8217;histoire de deux amis d&#8217;enfance \ud83d\ude42 <\/p>\n\n\n\n<div class=\"wp-block-media-text alignwide has-media-on-the-right is-stacked-on-mobile is-vertically-aligned-center has-background\" style=\"background-color:#f1f5c7;grid-template-columns:auto 32%\"><div class=\"wp-block-media-text__content\">\n<div class=\"wp-block-group\" style=\"padding-top:2em;padding-right:2em;padding-bottom:2em;padding-left:2em\"><div class=\"wp-block-group__inner-container is-layout-flow wp-block-group-is-layout-flow\">\n<p class=\"has-medium-font-size\"><strong>UN ACCOMPAGNEMENT SUR MESURE<\/strong><\/p>\n\n\n\n<p><strong>La r\u00e9novation d\u2019un appartement ou d\u2019une maison peut \u00eatre source de stress ou vous faire peur. C\u2019est pour cela que nous souhaitons vous faire b\u00e9n\u00e9ficier de plus de 10 ann\u00e9es d\u2019exp\u00e9rience dans la r\u00e9novation de biens mais aussi et surtout dans la gestion de votre chantier avec une v\u00e9ritable m\u00e9thodologie allant de l\u2019organisation au suivi jusqu&#8217;\u00e0 la r\u00e9ception de vos travaux.<\/strong><\/p>\n\n\n\n<p><strong>Nous nous occupons de A \u00e0 Z de votre r\u00e9novation avec un interlocuteur privil\u00e9gi\u00e9, dans une d\u00e9marche personnalis\u00e9e li\u00e9e au contexte et \u00e0 la nature de vos travaux<\/strong>.<\/p>\n\n\n\n<p class=\"has-extra-small-font-size\">\u2013<em> Gr\u00e9gory<\/em><\/p>\n<\/div><\/div>\n<\/div><figure class=\"wp-block-media-text__media\"><img loading=\"lazy\" decoding=\"async\" width=\"1014\" height=\"1024\" src=\"https:\/\/gprenovation.fr\/wp-content\/uploads\/2023\/03\/image-1-1014x1024.png\" alt=\"\" class=\"wp-image-215 size-full\" srcset=\"https:\/\/gprenovation.fr\/wp-content\/uploads\/2023\/03\/image-1-1014x1024.png 1014w, https:\/\/gprenovation.fr\/wp-content\/uploads\/2023\/03\/image-1-297x300.png 297w, https:\/\/gprenovation.fr\/wp-content\/uploads\/2023\/03\/image-1-150x150.png 150w, https:\/\/gprenovation.fr\/wp-content\/uploads\/2023\/03\/image-1-768x776.png 768w, https:\/\/gprenovation.fr\/wp-content\/uploads\/2023\/03\/image-1-1521x1536.png 1521w, https:\/\/gprenovation.fr\/wp-content\/uploads\/2023\/03\/image-1-2028x2048.png 2028w, https:\/\/gprenovation.fr\/wp-content\/uploads\/2023\/03\/image-1-100x100.png 100w\" sizes=\"auto, (max-width: 1014px) 100vw, 1014px\" \/><\/figure><\/div>\n\n\n\n<div class=\"wp-block-media-text alignwide is-stacked-on-mobile is-vertically-aligned-center is-image-fill has-background\" style=\"background-color:#fffdea;grid-template-columns:35% auto\"><figure class=\"wp-block-media-text__media\" style=\"background-image:url(https:\/\/gprenovation.fr\/wp-content\/uploads\/2023\/03\/image-1-1014x1024.png);background-position:50% 50%\"><img loading=\"lazy\" decoding=\"async\" width=\"1014\" height=\"1024\" src=\"https:\/\/gprenovation.fr\/wp-content\/uploads\/2023\/03\/image-1-1014x1024.png\" alt=\"\" class=\"wp-image-215 size-full\" srcset=\"https:\/\/gprenovation.fr\/wp-content\/uploads\/2023\/03\/image-1-1014x1024.png 1014w, https:\/\/gprenovation.fr\/wp-content\/uploads\/2023\/03\/image-1-297x300.png 297w, https:\/\/gprenovation.fr\/wp-content\/uploads\/2023\/03\/image-1-150x150.png 150w, https:\/\/gprenovation.fr\/wp-content\/uploads\/2023\/03\/image-1-768x776.png 768w, https:\/\/gprenovation.fr\/wp-content\/uploads\/2023\/03\/image-1-1521x1536.png 1521w, https:\/\/gprenovation.fr\/wp-content\/uploads\/2023\/03\/image-1-2028x2048.png 2028w, https:\/\/gprenovation.fr\/wp-content\/uploads\/2023\/03\/image-1-100x100.png 100w\" sizes=\"auto, (max-width: 1014px) 100vw, 1014px\" \/><\/figure><div class=\"wp-block-media-text__content\">\n<p class=\"has-medium-font-size\"><strong>UNE GESTION EFFICACE<\/strong><\/p>\n\n\n\n<p><strong>Notre m\u00e9thodologie se fait selon plusieurs \u00e9tapes :<\/strong><\/p>\n\n\n\n<ul class=\"wp-block-list\">\n<li><strong>Pr\u00e9sentation de GP R\u00c9NOVATION<\/strong><\/li>\n\n\n\n<li><strong>D\u00e9couverte de vos besoins<\/strong><\/li>\n\n\n\n<li><strong>R\u00e9alisation d\u2019un devis avec transparence<\/strong><\/li>\n\n\n\n<li><strong>Projet sur plan<\/strong> <strong>3D<\/strong><\/li>\n\n\n\n<li><strong>Ouverture du chantier avec un calendrier pr\u00e9d\u00e9fini<\/strong><\/li>\n\n\n\n<li><strong>Suivi de chantier<\/strong> <strong>r\u00e9gulier<\/strong><\/li>\n\n\n\n<li><strong>R\u00e9ception de chantier<\/strong><\/li>\n<\/ul>\n\n\n\n<p class=\"has-medium-font-size\" style=\"line-height:1.2\"><em>\u2013 Paul<\/em><\/p>\n<\/div><\/div>\n","protected":false},"excerpt":{"rendered":"<p>C&#8217;est l&#8217;histoire de deux amis d&#8217;enfance \ud83d\ude42<\/p>\n","protected":false},"author":1,"featured_media":131,"parent":0,"menu_order":0,"comment_status":"closed","ping_status":"closed","template":"","meta":{"footnotes":""},"class_list":["post-12","page","type-page","status-publish","has-post-thumbnail","hentry"],"yoast_head":"<!-- This site is optimized with the Yoast SEO plugin v20.4 - https:\/\/yoast.com\/wordpress\/plugins\/seo\/ -->\n<title>Qui sommes- nous ? - GP R\u00e9novation<\/title>\n<meta name=\"description\" content=\"pr\u00e9sentation des chefs de l&#039;entreprise GPr\u00e9novation et toutes leur comp\u00e9tence dans le m\u00e9tiers\" \/>\n<meta name=\"robots\" content=\"index, follow, max-snippet:-1, max-image-preview:large, max-video-preview:-1\" \/>\n<link rel=\"canonical\" href=\"https:\/\/gprenovation.fr\/?page_id=12\" \/>\n<meta property=\"og:locale\" content=\"en_US\" \/>\n<meta property=\"og:type\" content=\"article\" \/>\n<meta property=\"og:title\" content=\"Qui sommes- nous ? - GP R\u00e9novation\" \/>\n<meta property=\"og:description\" content=\"pr\u00e9sentation des chefs de l&#039;entreprise GPr\u00e9novation et toutes leur comp\u00e9tence dans le m\u00e9tiers\" \/>\n<meta property=\"og:url\" content=\"https:\/\/gprenovation.fr\/?page_id=12\" \/>\n<meta property=\"og:site_name\" content=\"GP R\u00e9novation\" \/>\n<meta property=\"article:modified_time\" content=\"2023-03-30T17:46:55+00:00\" \/>\n<meta property=\"og:image\" content=\"https:\/\/gprenovation.fr\/wp-content\/uploads\/2022\/11\/cropped-tools-g4b5458689_1920-1.jpg\" \/>\n\t<meta property=\"og:image:width\" content=\"1600\" \/>\n\t<meta property=\"og:image:height\" content=\"400\" \/>\n\t<meta property=\"og:image:type\" content=\"image\/jpeg\" \/>\n<meta name=\"twitter:card\" content=\"summary_large_image\" \/>\n<meta name=\"twitter:label1\" content=\"Est. reading time\" \/>\n\t<meta name=\"twitter:data1\" content=\"2 minutes\" \/>\n<script type=\"application\/ld+json\" class=\"yoast-schema-graph\">{\"@context\":\"https:\/\/schema.org\",\"@graph\":[{\"@type\":\"WebPage\",\"@id\":\"https:\/\/gprenovation.fr\/?page_id=12\",\"url\":\"https:\/\/gprenovation.fr\/?page_id=12\",\"name\":\"Qui sommes- nous ? - GP R\u00e9novation\",\"isPartOf\":{\"@id\":\"https:\/\/gprenovation.fr\/#website\"},\"datePublished\":\"2022-11-08T11:21:34+00:00\",\"dateModified\":\"2023-03-30T17:46:55+00:00\",\"description\":\"pr\u00e9sentation des chefs de l'entreprise GPr\u00e9novation et toutes leur comp\u00e9tence dans le m\u00e9tiers\",\"breadcrumb\":{\"@id\":\"https:\/\/gprenovation.fr\/?page_id=12#breadcrumb\"},\"inLanguage\":\"en-US\",\"potentialAction\":[{\"@type\":\"ReadAction\",\"target\":[\"https:\/\/gprenovation.fr\/?page_id=12\"]}]},{\"@type\":\"BreadcrumbList\",\"@id\":\"https:\/\/gprenovation.fr\/?page_id=12#breadcrumb\",\"itemListElement\":[{\"@type\":\"ListItem\",\"position\":1,\"name\":\"Accueil\",\"item\":\"https:\/\/gprenovation.fr\/\"},{\"@type\":\"ListItem\",\"position\":2,\"name\":\"Qui sommes- nous ?\"}]},{\"@type\":\"WebSite\",\"@id\":\"https:\/\/gprenovation.fr\/#website\",\"url\":\"https:\/\/gprenovation.fr\/\",\"name\":\"GP R\u00e9novation\",\"description\":\"Avec nous c&#039;est carr\u00e9 !\",\"publisher\":{\"@id\":\"https:\/\/gprenovation.fr\/#organization\"},\"potentialAction\":[{\"@type\":\"SearchAction\",\"target\":{\"@type\":\"EntryPoint\",\"urlTemplate\":\"https:\/\/gprenovation.fr\/?s={search_term_string}\"},\"query-input\":\"required name=search_term_string\"}],\"inLanguage\":\"en-US\"},{\"@type\":\"Organization\",\"@id\":\"https:\/\/gprenovation.fr\/#organization\",\"name\":\"GP R\u00e9novation\",\"url\":\"https:\/\/gprenovation.fr\/\",\"logo\":{\"@type\":\"ImageObject\",\"inLanguage\":\"en-US\",\"@id\":\"https:\/\/gprenovation.fr\/#\/schema\/logo\/image\/\",\"url\":\"https:\/\/gprenovation.fr\/wp-content\/uploads\/2022\/12\/cropped-icon.png\",\"contentUrl\":\"https:\/\/gprenovation.fr\/wp-content\/uploads\/2022\/12\/cropped-icon.png\",\"width\":500,\"height\":500,\"caption\":\"GP R\u00e9novation\"},\"image\":{\"@id\":\"https:\/\/gprenovation.fr\/#\/schema\/logo\/image\/\"}}]}<\/script>\n<!-- \/ Yoast SEO plugin. -->","yoast_head_json":{"title":"Qui sommes- nous ? - GP R\u00e9novation","description":"pr\u00e9sentation des chefs de l'entreprise GPr\u00e9novation et toutes leur comp\u00e9tence dans le m\u00e9tiers","robots":{"index":"index","follow":"follow","max-snippet":"max-snippet:-1","max-image-preview":"max-image-preview:large","max-video-preview":"max-video-preview:-1"},"canonical":"https:\/\/gprenovation.fr\/?page_id=12","og_locale":"en_US","og_type":"article","og_title":"Qui sommes- nous ? - GP R\u00e9novation","og_description":"pr\u00e9sentation des chefs de l'entreprise GPr\u00e9novation et toutes leur comp\u00e9tence dans le m\u00e9tiers","og_url":"https:\/\/gprenovation.fr\/?page_id=12","og_site_name":"GP R\u00e9novation","article_modified_time":"2023-03-30T17:46:55+00:00","og_image":[{"width":1600,"height":400,"url":"https:\/\/gprenovation.fr\/wp-content\/uploads\/2022\/11\/cropped-tools-g4b5458689_1920-1.jpg","type":"image\/jpeg"}],"twitter_card":"summary_large_image","twitter_misc":{"Est. reading time":"2 minutes"},"schema":{"@context":"https:\/\/schema.org","@graph":[{"@type":"WebPage","@id":"https:\/\/gprenovation.fr\/?page_id=12","url":"https:\/\/gprenovation.fr\/?page_id=12","name":"Qui sommes- nous ? - GP R\u00e9novation","isPartOf":{"@id":"https:\/\/gprenovation.fr\/#website"},"datePublished":"2022-11-08T11:21:34+00:00","dateModified":"2023-03-30T17:46:55+00:00","description":"pr\u00e9sentation des chefs de l'entreprise GPr\u00e9novation et toutes leur comp\u00e9tence dans le m\u00e9tiers","breadcrumb":{"@id":"https:\/\/gprenovation.fr\/?page_id=12#breadcrumb"},"inLanguage":"en-US","potentialAction":[{"@type":"ReadAction","target":["https:\/\/gprenovation.fr\/?page_id=12"]}]},{"@type":"BreadcrumbList","@id":"https:\/\/gprenovation.fr\/?page_id=12#breadcrumb","itemListElement":[{"@type":"ListItem","position":1,"name":"Accueil","item":"https:\/\/gprenovation.fr\/"},{"@type":"ListItem","position":2,"name":"Qui sommes- nous ?"}]},{"@type":"WebSite","@id":"https:\/\/gprenovation.fr\/#website","url":"https:\/\/gprenovation.fr\/","name":"GP R\u00e9novation","description":"Avec nous c&#039;est carr\u00e9 !","publisher":{"@id":"https:\/\/gprenovation.fr\/#organization"},"potentialAction":[{"@type":"SearchAction","target":{"@type":"EntryPoint","urlTemplate":"https:\/\/gprenovation.fr\/?s={search_term_string}"},"query-input":"required name=search_term_string"}],"inLanguage":"en-US"},{"@type":"Organization","@id":"https:\/\/gprenovation.fr\/#organization","name":"GP R\u00e9novation","url":"https:\/\/gprenovation.fr\/","logo":{"@type":"ImageObject","inLanguage":"en-US","@id":"https:\/\/gprenovation.fr\/#\/schema\/logo\/image\/","url":"https:\/\/gprenovation.fr\/wp-content\/uploads\/2022\/12\/cropped-icon.png","contentUrl":"https:\/\/gprenovation.fr\/wp-content\/uploads\/2022\/12\/cropped-icon.png","width":500,"height":500,"caption":"GP R\u00e9novation"},"image":{"@id":"https:\/\/gprenovation.fr\/#\/schema\/logo\/image\/"}}]}},"_links":{"self":[{"href":"https:\/\/gprenovation.fr\/index.php?rest_route=\/wp\/v2\/pages\/12","targetHints":{"allow":["GET"]}}],"collection":[{"href":"https:\/\/gprenovation.fr\/index.php?rest_route=\/wp\/v2\/pages"}],"about":[{"href":"https:\/\/gprenovation.fr\/index.php?rest_route=\/wp\/v2\/types\/page"}],"author":[{"embeddable":true,"href":"https:\/\/gprenovation.fr\/index.php?rest_route=\/wp\/v2\/users\/1"}],"replies":[{"embeddable":true,"href":"https:\/\/gprenovation.fr\/index.php?rest_route=%2Fwp%2Fv2%2Fcomments&post=12"}],"version-history":[{"count":9,"href":"https:\/\/gprenovation.fr\/index.php?rest_route=\/wp\/v2\/pages\/12\/revisions"}],"predecessor-version":[{"id":218,"href":"https:\/\/gprenovation.fr\/index.php?rest_route=\/wp\/v2\/pages\/12\/revisions\/218"}],"wp:featuredmedia":[{"embeddable":true,"href":"https:\/\/gprenovation.fr\/index.php?rest_route=\/wp\/v2\/media\/131"}],"wp:attachment":[{"href":"https:\/\/gprenovation.fr\/index.php?rest_route=%2Fwp%2Fv2%2Fmedia&parent=12"}],"curies":[{"name":"wp","href":"https:\/\/api.w.org\/{rel}","templated":true}]}}